-baa
In base 2, what is 1110001011010001 + -101?
1110001011001100
In base 4, what is -32 - -203110?
203012
In base 2, what is -110101111100 + -1100?
-110110001000
In base 4, what is 0 - -11120001?
11120001
In base 14, what is -ab45b + 5?
-ab456
In base 14, what is 2271 + -5?
226a
In base 12, what is 1 + 14b565?
14b566
In base 2, what is -11101100000000 + 1000?
-11101011111000
In base 3, what is -12 + -1022122200?
-1022122212
In base 10, what is -620 + -114?
-734
In base 3, what is 12 - -1120200002110?
1120200002122
In base 6, what is -1544 - -100?
-1444
In base 16, what is 1173c + 0?
1173c
In base 4, what is 212 + 2111?
2323
In base 6, what is 23522 + 35?
24001
In base 10, what is -471 + -1610?
-2081
In base 4, what is 100201032 + -1?
100201031
In base 7, what is 12123 + -45?
12045
In base 11, what is 1240 - 22?
1219
In base 9, what is 7150 - -325?
7475
In base 10, what is 19 + -2047?
-2028
In base 4, what is -10 + 12221001?
12220331
In base 16, what is -1 - 13da6?
-13da7
In base 13, what is -508 + 1b?
-4ba
In base 11, what is 198 - -34?
221
In base 7, what is -52 + 245535?
245453
In base 9, what is 445083 - 2?
445081
In base 3, what is -11220121 - -12201?
-11200220
In base 6, what is 301 + 24021?
24322
In base 6, what is -135 + 20001?
15422
In base 7, what is -10 + -12345?
-12355
In base 3, what is -1211 + 1222112?
1220201
In base 4, what is 2222222310 - -11?
2222222321
In base 10, what is 210 + -12883?
-12673
In base 6, what is 202 - -12504?
13110
In base 16, what is -2d17 - -17?
-2d00
In base 2, what is -1000101010001 + 11?
-1000101001110
In base 9, what is -542 + -25?
-567
In base 8, what is -1115 - 3567?
-4704
In base 12, what is -23a + -2808?
-2a46
In base 4, what is -212222 - -223?
-211333
In base 13, what is -15 + a371?
a359
In base 10, what is 2105 - -337?
2442
In base 16, what is -3 + -4c0f?
-4c12
In base 2, what is 1011101111001000101 + 11?
1011101111001001000
In base 6, what is -3 + -23120?
-23123
In base 14, what is b + -209ad?
-209a2
In base 7, what is 110 - 564?
-454
In base 7, what is 0 + 150004?
150004
In base 9, what is -282842 + 24?
-282817
In base 14, what is -5 - -30c45?
30c40
In base 16, what is 7 - 417?
-410
In base 10, what is 645 + 2154?
2799
In base 10, what is 92 - 42546?
-42454
In base 12, what is -507 + -342?
-849
In base 3, what is 11 - 21121001?
-21120220
In base 9, what is 10685 - -74?
10770
In base 5, what is -103 - -3320314?
3320211
In base 2, what is 11110010 - 11011?
11010111
In base 10, what is -210 + -520?
-730
In base 7, what is -3 - -612630?
612624
In base 14, what is -398 + 73?
-325
In base 6, what is -5115 + -3?
-5122
In base 4, what is -3 + -3322310023?
-3322310032
In base 8, what is 43 - -44675?
44740
In base 6, what is -1143334 - -1?
-1143333
In base 13, what is -2 - -1380a4?
1380a2
In base 5, what is -144100 - -4420?
-134130
In base 8, what is -60 - 536?
-616
In base 6, what is 1420343 + 2?
1420345
In base 11, what is 3998 + 20?
3a08
In base 16, what is -24 + -1a8?
-1cc
In base 15, what is 19917 + 3?
1991a
In base 2, what is -1 + 100100011010001?
100100011010000
In base 15, what is -18 - 3420?
-3438
In base 16, what is -3 + 10e4?
10e1
In base 5, what is -1000 + 1230421?
1224421
In base 3, what is 120 + -22020201?
-22020011
In base 5, what is 31302 - -23100?
104402
In base 12, what is 5 + -a86?
-a81
In base 3, what is -2021011200 + -201?
-2021012101
In base 6, what is -111 + -3415?
-3530
In base 11, what is -36 - -224?
199
In base 3, what is 2011011 + -1102112?
201122
In base 3, what is 1222012 - 1201?
1220111
In base 2, what is 11110001100 + -111110110?
10110010110
In base 10, what is -2953 + -1114?
-4067
In base 14, what is 71 + -a4a?
-9b9
In base 8, what is -5 - 10740?
-10745
In base 7, what is 3110513 + 0?
3110513
In base 3, what is -200 - -12201211?
12201011
In base 9, what is 70021 - 1?
70020
In base 9, what is -17 + -3833?
-3851
In base 12, what is 2a2388 - -4?
2a2390
In base 7, what is -12215144 + 3?
-12215141
In base 11, what is 0 - 5188?
-5188
In base 13, what is -79a + 5?
-795
In base 12, what is -1622 - 12?
-1634
In base 4, what is 333 - -1020103?
1021102
In base 10, what is 4066210 - -2?
4066212
In base 6, what is 5 - 1102134?
-1102125
In base 3, what is 111012120 + -210?
111011210
In base 7, what is 14014 + 50?
14064
In base 8, what is -7 + 736463?
736454
In base 7, what is -20 + 52?
32
In base 8, what is -2 + -305354?
-305356
In base 6, what is 52 + 235053?
235145
In base 16, what is -12 + 5b10?
5afe
In base 9, what is 0 + -20701?
-20701
In base 13, what is -1417c - -b?
-14171
In base 7, what is 0 + -105364?
-105364
In base 12, what is 14 - -a5b?
a73
In base 8, what is -3544 - 11?
-3555
In base 14, what is -4459 + -5d?
-44b8
In base 6, what is 5 + 1220320?
1220325
In base 4, what is 22011001 + 12?
22011013
In base 7, what is 61 - -4210?
4301
In base 10, what is 1632301 + 3?
1632304
In base 14, what is 59 - -2b00?
2b59
In base 9, what is -5664 + 3?
-5661
In base 2, what is 1100010001001 - 100010111?
1011101110010
In base 5, what is -420 + -330432?
-331402
In base 14, what is -3 - -674d2?
674cd
In base 12, what is -2789 - -ba?
-268b
In base 7, what is 3324 - -20?
3344
In base 14, what is -2 + -29181?
-29183
In base 7, what is -20 - 41406?
-41426
In base 3, what is -2110 - -1122?
-211
In base 5, what is -332102 - 4?
-332111
In base 16, what is 1f37 + -13?
1f24
In base 8, what is 745543 + 3?
745546
In base 6, what is 343312 + 4?
343320
In base 7, what is -125055 - -23?
-125032
In base 5, what is 0 - 1032111?
-1032111
In base 6, what is -5 + -2251241?
-2251250
In base 16, what is -1e106 + f?
-1e0f7
In base 10, what is 5 - 132366?
-132361
In base 12, what is 13ab34 + -4?
13ab30
In base 4, what is 10033102 + 10?
10033112
In base 5, what is 10 - -30343203?
30343213
In base 16, what is 2 + -c9b9?
-c9b7
In base 12, what is 0 + 7562?
7562
In base 12, what is 1359 + 5?
1362
In base 11, what is -10378a - -4?
-103786
In base 2, what is -10 - 101111010101110011?
-101111010101110101
In base 3, what is 0 - -202220002?
202220002
In base 5, what is 30432 + 4?
30441
In base 3, what is -12220202212221 - 0?
-12220202212221
In base 3, what is -21101020 + -10?
-21101100
In base 16, what is 1a8 - -25c0?
2768
In base 16, what is -10fa - -1f9?
-f01
In base 14, what is 1480 + 1?
1481
In base 6, what is -4 - 1043340?
-1043344
In base 15, what is 71 + 1ba?
23b
In base 6, what is -443553 - 40?
-444033
In base 9, what is -6 + -3043?
-3050
In base 11, what is 782 - 147?
636
In base 8, what is -16 - -4412?
4374
In base 13, what is -88 - b12?
-b9a
In base 2, what is -1000000110 - 10001?
-1000010111
In base 14, what is 39 - 67?
-2c
In base 11, what is -3 + a907a?
a9077
In base 16, what is 192 - 2346?
-21b4
In base 9, what is -40 + -304?
-344
In base 11, what is -5 - -30049?
30044
In base 2, what is 1101000010001 + 1110?
1101000011111
In base 12, what is bb + -39?
82
In base 6, what is 2 - 140152?
-140150
In base 11, what is 3 + -6668?
-6665
In base 7, what is -1603 - 130?
-2033
In base 2, what is 1000010 - 10111010?
-1111000
In base 14, what is 36 + b5d?
b95
In base 15, what is 0 - 45?
-45
In base 4, what is 10 + -21301232?
-21301222
In base 8, what is -5 - 1213060?
-1213065
In base 9, what is 536681 - -8?
536700
In base 16, what is -1d5 + 13?
-1c2
In base 7, what is -100445 - 230?
-101005
In base 16, what is -4 - 7e61a?
-7e61e
In base 10, what is 1575896 - 2?
1575894
In base 6, what is 0 - 2002422?
-2002422
In base 9, what is -265633 - 1?
-265634
In base 12, what is -16 + -1946?
-1960
In base 11, what is -2086a - 2?
-20871
In base 11, what is -3505 + -50?
-3555
In base 8, what is 20702 - -6?
20710
In base 12, what is 1 - -6b161?
6b162
In base 12, what is -5 + 359731?
359728
In base 6, what is 2 - -1010152?
1010154
In base 8, what is -36 + -1100?
-1136
In base 8, what is -5657144 - 4?
-5657150
In base 7, what is -352164 + 5?
-352156
In base 16, what is -2 + f1dc?
f1da
In base 15, what is -2369 + -c?
-2376
In base 10, what is -23 - -9440?
9417
In base 5, what is -402243230 - 10?
-402243240
In base 10, what is 62 + 2609?
2671
In base 13, what is -8c6 - -cb?
-7c8
In base 2, what is -10010 - 1011010101?
-1011100111
In base 15, what is -303641 + 2?
-30363e
In base 7, what is -64 - -413?
316
In base 9, what is -34 - 503?